6
Calculate the greatest common divisor of 10 and 5866878.
2
What is the highest common factor of 48273984 and 342?
342
What is the greatest common factor of 76838685 and 405?
15
What is the highest common factor of 261554943 and 52?
13
What is the greatest common divisor of 8 and 240114724?
4
What is the greatest common divisor of 75981 and 120707304?
1767
What is the highest common factor of 4136488 and 144?
8
What is the greatest common divisor of 9228 and 43918359?
2307
Calculate the highest common divisor of 2353 and 4239859.
13
Calculate the highest common factor of 5214 and 97953680.
1738
What is the greatest common divisor of 595056 and 216?
24
What is the greatest common factor of 1203840 and 56640?
960
Calculate the greatest common divisor of 25465 and 5954180.
2315
What is the greatest common divisor of 1680 and 6815280?
240
What is the greatest common factor of 5580910 and 80?
10
What is the greatest common divisor of 589457 and 23001?
451
Calculate the greatest common divisor of 76788 and 42344.
316
Calculate the highest common factor of 790712 and 598.
26
Calculate the greatest common factor of 17235 and 4380.
15
What is the greatest common factor of 10983764 and 418?
22
What is the highest common factor of 2289 and 425481?
21
What is the greatest common divisor of 13662 and 200882?
506
What is the greatest common divisor of 6351986 and 174?
58
Calculate the greatest common factor of 59664192 and 630.
42
Calculate the greatest common divisor of 99123 and 19098591.
2679
Calculate the greatest common divisor of 19873 and 36295.
119
Calculate the highest common divisor of 45045 and 1086435.
315
What is the greatest common factor of 40 and 717980?
20
Calculate the greatest common divisor of 234 and 2665746.
18
Calculate the highest common factor of 21372 and 1437658820.
7124
Calculate the greatest common divisor of 2689 and 327845569.
2689
What is the highest common factor of 2152692 and 2088?
36
What is the greatest common factor of 3103 and 1321182?
29
What is the highest common factor of 539 and 588509229?
77
What is the highest common factor of 41777021 and 2002?
143
Calculate the highest common factor of 52578176 and 784.
784
Calculate the highest common divisor of 1040 and 763508720.
1040
What is the greatest common divisor of 90 and 649566585?
45
Calculate the highest common divisor of 8069866 and 41.
41
Calculate the greatest common factor of 3598 and 100373.
7
What is the greatest common divisor of 8946 and 165058173?
4473
What is the greatest common divisor of 433 and 25102309?
433
What is the highest common factor of 1444 and 5854337?
361
What is the highest common factor of 1573 and 3382106?
13
Calculate the greatest common divisor of 294215 and 39935.
815
What is the highest common factor of 533190 and 40?
10
What is the greatest common factor of 74535 and 65115?
15
What is the greatest common divisor of 369 and 13181787?
369
What is the greatest common factor of 4601250 and 19632?
2454
What is the highest common factor of 1891544 and 3752?
536
Calculate the highest common divisor of 87563 and 1574347.
1787
Calculate the highest common divisor of 30008 and 939114.
682
Calculate the highest common factor of 150536960 and 10080.
1120
What is the highest common factor of 29094624 and 16848?
1872
Calculate the greatest common divisor of 54142 and 7685810.
2354
Calculate the greatest common divisor of 1027641 and 66.
3
What is the highest common factor of 8 and 178217464?
8
What is the highest common divisor of 121 and 468059339?
121
Calculate the highest common factor of 113019142 and 356.
178
What is the greatest common factor of 35 and 48486970?
35
What is the greatest common factor of 39904 and 8454488?
344
Calculate the greatest common factor of 91459680 and 48.
48
Calculate the highest common factor of 15197 and 225972877.
2171
What is the highest common factor of 3775 and 18276285?
755
Calculate the greatest common divisor of 550 and 5361050.
50
Calculate the greatest common divisor of 685152 and 3657438.
1098
What is the greatest common factor of 2955890 and 2170?
70
Calculate the greatest common divisor of 2320394 and 158441.
5111
What is the greatest common factor of 1702788 and 78404?
68
What is the greatest common factor of 124 and 7515454?
62
What is the greatest common divisor of 44436 and 352107?
483
Calculate the highest common divisor of 955757 and 9367.
323
What is the highest common divisor of 156940 and 950?
190
What is the greatest common divisor of 40155807 and 87?
87
What is the greatest common factor of 27076 and 434?
14
What is the greatest common divisor of 8313 and 4115913?
489
Calculate the greatest common factor of 4292 and 35060164.
148
Calculate the greatest common factor of 42552 and 47741768.
1576
Calculate the greatest common factor of 118294 and 31783730.
6226
What is the greatest common factor of 27 and 35993?
1
Calculate the highest common divisor of 20 and 545193140.
20
Calculate the highest common divisor of 2912 and 12033632.
416
What is the greatest common divisor of 1662984 and 34857?
27
Calculate the highest common divisor of 10094344 and 26.
26
What is the greatest common factor of 13994336 and 7904?
608
Calculate the greatest common factor of 6769965 and 15.
15
Calculate the highest common divisor of 564 and 46796396.
188
Calculate the highest common divisor of 3349489 and 7670.
767
Calculate the greatest common divisor of 70 and 52710320.
10
Calculate the greatest common factor of 2021338447 and 47.
47
Calculate the greatest common divisor of 10584 and 13369160.
392
What is the highest common factor of 28699 and 17622?
11
Calculate the highest common factor of 852 and 80223894.
426
What is the greatest common divisor of 16168921 and 13804?
493
Calculate the highest common factor of 564 and 3345.
3
What is the highest common factor of 26785 and 2695545?
2435
What is the greatest common factor of 6942 and 5084456?
26
What is the greatest common divisor of 270 and 43715?
5
Calculate the greatest common factor of 572 and 68518450.
286
Calculate the highest common factor of 7142103 and 936.
9
Calculate the highest common factor of 1494394 and 143.
11
What is the highest common divisor of 44578 and 33914?
62
Calculate the greatest common factor of 3528 and 224427.
21
Calculate the greatest common factor of 29548 and 817384.
332
Calculate the greatest common factor of 4752 and 11991888.
432
Calculate the highest common divisor of 3354275092 and 56.
28
What is the greatest common factor of 56329525 and 5726?
2863
Calculate the highest common factor of 223305384 and 72.
24
What is the greatest common divisor of 236808 and 1002248?
2392
Calculate the highest common divisor of 2904 and 183317376.
264
Calculate the highest common divisor of 43638176 and 2208.
736
What is the highest common divisor of 24735 and 1110890075?
8245
Calculate the highest common factor of 14974155 and 18585.
315
Calculate the greatest common factor of 28950 and 235056630.
5790
What is the highest common divisor of 11610690 and 455?
455
What is the greatest common divisor of 32529857 and 19312?
1207
What is the greatest common factor of 29 and 328541?
29
What is the highest common divisor of 1696527 and 7?
7
What is the greatest common factor of 7041888 and 3697344?
14112
What is the highest common factor of 46930 and 40538134?
9386
Calculate the greatest common factor of 12 and 17026314.
6
What is the highest common factor of 180724 and 1808?
4
What is the highest common factor of 2945 and 1322894?
589
What is the highest common divisor of 237218 and 7378?
34
What is the highest common factor of 456 and 312423726?
114
Calculate the greatest common factor of 103813638 and 1443.
111
What is the highest common divisor of 44495 and 42877?
809
Calculate the highest common factor of 2765 and 110416957.
553
What is the greatest common factor of 748974 and 18?
6
What is the greatest common divisor of 198676 and 548?
4
What is the highest common divisor of 66 and 2779579?
11
Calculate the highest common divisor of 32023725 and 28025.
1475
What is the highest common divisor of 58552 and 2291410?
1126
Calculate the greatest common factor of 11370 and 868844235.
5685
What is the highest common divisor of 7051824 and 4524?
